 5504?
2, 43
List the prime factors of 6420.
2, 3, 5, 107
What are the prime factors of 1472?
2, 23
List the prime factors of 1266.
2, 3, 211
What are the prime factors of 13750?
2, 5, 11
List the prime factors of 99451.
11, 9041
List the prime factors of 96587.
96587
List the prime factors of 41973.
3, 17, 823
What are the prime factors of 5616?
2, 3, 13
List the prime factors of 29.
29
What are the prime factors of 11350?
2, 5, 227
List the prime factors of 1493.
1493
List the prime factors of 37320.
2, 3, 5, 311
List the prime factors of 3752.
2, 7, 67
What are the prime factors of 3840?
2, 3, 5
List the prime factors of 965.
5, 193
List the prime factors of 5134.
2, 17, 151
List the prime factors of 117.
3, 13
List the prime factors of 117538.
2, 17, 3457
List the prime factors of 75736.
2, 9467
What are the prime factors of 3843?
3, 7, 61
List the prime factors of 47902.
2, 43, 557
List the prime factors of 7532.
2, 7, 269
List the prime factors of 29981.
7, 4283
List the prime factors of 39900.
2, 3, 5, 7, 19
What are the prime factors of 12180?
2, 3, 5, 7, 29
List the prime factors of 3928.
2, 491
What are the prime factors of 472?
2, 59
List the prime factors of 13654.
2, 6827
What are the prime factors of 86781?
3, 28927
List the prime factors of 7014.
2, 3, 7, 167
What are the prime factors of 5458?
2, 2729
What are the prime factors of 3688?
2, 461
List the prime factors of 7033.
13, 541
What are the prime factors of 2224?
2, 139
List the prime factors of 560.
2, 5, 7
List the prime factors of 7706.
2, 3853
List the prime factors of 4533.
3, 1511
What are the prime factors of 12585?
3, 5, 839
What are the prime factors of 3475?
5, 139
What are the prime factors of 7472?
2, 467
What are the prime factors of 7002?
2, 3, 389
List the prime factors of 94128.
2, 3, 37, 53
What are the prime factors of 22603?
7, 3229
List the prime factors of 19805.
5, 17, 233
List the prime factors of 342.
2, 3, 19
What are the prime factors of 1044?
2, 3, 29
What are the prime factors of 53252?
2, 13313
What are the prime factors of 2266?
2, 11, 103
List the prime factors of 1337.
7, 191
What are the prime factors of 3237?
3, 13, 83
List the prime factors of 2846.
2, 1423
List the prime factors of 1248.
2, 3, 13
What are the prime factors of 20666?
2, 10333
What are the prime factors of 40092?
2, 3, 13, 257
What are the prime factors of 10184?
2, 19, 67
List the prime factors of 35489.
23, 1543
List the prime factors of 53.
53
List the prime factors of 790.
2, 5, 79
What are the prime factors of 12343?
12343
What are the prime factors of 7039?
7039
List the prime factors of 352.
2, 11
What are the prime factors of 2349?
3, 29
What are the prime factors of 2773?
47, 59
What are the prime factors of 15480?
2, 3, 5, 43
List the prime factors of 104251.
7, 53, 281
What are the prime factors of 2235?
3, 5, 149
What are the prime factors of 2366?
2, 7, 13
What are the prime factors of 2214?
2, 3, 41
List the prime factors of 416.
2, 13
What are the prime factors of 1670?
2, 5, 167
What are the prime factors of 2974?
2, 1487
List the prime factors of 2578.
2, 1289
List the prime factors of 5438.
2, 2719
What are the prime factors of 5604?
2, 3, 467
What are the prime factors of 33398?
2, 16699
List the prime factors of 492.
2, 3, 41
What are the prime factors of 12922?
2, 7, 13, 71
What are the prime factors of 1457?
31, 47
What are the prime factors of 2547?
3, 283
What are the prime factors of 662?
2, 331
What are the prime factors of 96492?
2, 3, 11, 17, 43
List the prime factors of 32290.
2, 5, 3229
List the prime factors of 2915.
5, 11, 53
What are the prime factors of 77348?
2, 61, 317
List the prime factors of 6391.
7, 11, 83
List the prime factors of 1332.
2, 3, 37
List the prime factors of 13252.
2, 3313
What are the prime factors of 5233?
5233
What are the prime factors of 16685?
5, 47, 71
What are the prime factors of 580?
2, 5, 29
List the prime factors of 23037.
3, 7, 1097
What are the prime factors of 7996?
2, 1999
What are the prime factors of 19924?
2, 17, 293
What are the prime factors of 768?
2, 3
List the prime factors of 14847.
3, 7, 101
What are the prime factors of 618?
2, 3, 103
List the prime factors of 65597.
7, 9371
What are the prime factors of 1289?
1289
List the prime factors of 2538.
2, 3, 47
What are the prime factors of 11048?
2, 1381
What are the prime factors of 417?
3, 139
What are the prime factors of 2973?
3, 991
List the prime factors of 3323.
3323
List the prime factors of 5748.
2, 3, 479
List the prime factors of 152801.
11, 29, 479
List the prime factors of 109788.
2, 3, 7, 1307
What are the prime factors of 3133?
13, 241
What are the prime factors of 2442?
2, 3, 11, 37
What are the prime factors of 770?
2, 5, 7, 11
List the prime factors of 1940.
2, 5, 97
What are the prime factors of 52666?
2, 17, 1549
List the prime factors of 14205.
3, 5, 947
What are the prime factors of 2335?
5, 467
List the prime factors of 3574.
2, 1787
What are the prime factors of 2683?
2683
What are the prime factors of 523?
523
What are the prime factors of 1964?
2, 491
List the prime factors of 122702.
2, 19, 3229
List the prime factors of 485.
5, 97
List the prime factors of 166.
2, 83
What are the prime factors of 2359?
7, 337
What are the prime factors of 6971?
6971
List the prime factors of 43815.
3, 5, 23, 127
List the prime factors of 9524.
2, 2381
What are the prime factors of 78198?
2, 3, 13033
List the prime factors of 9778.
2, 4889
List the prime factors of 479.
479
List the prime factors of 33358.
2, 13, 1283
List the prime factors of 38803.
38803
What are the prime factors of 2772?
2, 3, 7, 11
List the prime factors of 1681.
41
What are the prime factors of 39405?
3, 5, 37, 71
List the prime factors of 1733.
1733
List the prime factors of 892.
2, 223
What are the prime factors of 14577?
3, 43, 113
List the prime factors of 144.
2, 3
List the prime factors of 5410.
2, 5, 541
What are the prime factors of 4585?
5, 7, 131
What are the prime factors of 1544?
2, 193
List the prime factors of 38626.
2, 7, 31, 89
List the prime factors of 3577.
7, 73
What are the prime factors of 692?
2, 173
List the prime factors of 8470.
2, 5, 7, 11
List the prime factors of 1567.
1567
List the prime factors of 38816.
2, 1213
List the prime factors of 7768.
2, 971
What are the prime factors of 23474?
2, 11, 97
List the prime factors of 15181.
17, 19, 47
List the prime factors of 6847.
41, 167
What are the prime factors of 19636?
2, 4909
What are the prime factors of 108081?
3, 4003
What are the prime factors of 40811?
37, 1103
What are the prime factors of 6760?
2, 5, 13
List the prime factors of 1722.
2, 3, 7, 41
List the prime factors of 2486.
2, 11, 113
List the prime factors of 1385.
5, 277
List the prime factors of 8517.
3, 17, 167
List the prime factors of 40431.
3, 13477
What are the prime factors of 10415?
5, 2083
What are the prime factors of 25076?
2, 6269
List the prime factors of 17408.
2, 17
What are the prime factors of 3074?
2, 29, 53
What are the prime factors of 2073?
3, 691
List the prime factors of 23019.
3, 7673
What are the prime factors of 837?
3, 31
What are the prime factors of 86654?
2, 37, 1171
What are the prime factors of 255?
3, 5, 17
List the prime factors of 11685.
3, 5, 19, 41
What are the prime factors of 2150?
2, 5, 43
What are the prime factors of 6928?
2, 433
List the prime factors of 10211.
10211
What are the prime factors of 33926?
2, 16963
What are the prime factors of 526?
2, 263
List the prime factors of 18538.
2, 13, 23, 31
What are the prime factors of 330?
2, 3, 5, 11
List the prime factors of 1961.
37, 53
What are the prime factors of 8897?
7, 31, 41
What are the prime factors of 3369?
3, 1123
List the prime factors of 1296.
2, 3
List the prime factors of 12195.
3, 5, 271
What are the prime factors of 8977?
47, 191
List the prime factors of 8416.
2, 263
What are the prime factors of 94102?
2, 47051
List the prime factors of 24802.
2, 12401
What are the prime factors of 27523?
17, 1619
What are the prime factors of 6533?
47, 139
List the prime factors of 48821.
48821
What are the prime factors of 7920?
2, 3, 5, 11
List the prime factors of 22429.
11, 2039
What are the prime factors of 38568?
2, 3, 1607